[INFO] cloning repository https://github.com/csharad/papito
[INFO] running `Command { std: "git" "-c" "credential.helper=" "-c" "credential.helper=/workspace/cargo-home/bin/git-credential-null" "clone" "--bare" "https://github.com/csharad/papito" "/workspace/cache/git-repos/https%3A%2F%2Fgithub.com%2Fcsharad%2Fpapito", kill_on_drop: false }`
[INFO] [stderr] Cloning into bare repository '/workspace/cache/git-repos/https%3A%2F%2Fgithub.com%2Fcsharad%2Fpapito'...
[INFO] running `Command { std: "git" "rev-parse" "HEAD", kill_on_drop: false }`
[INFO] [stdout] 09beb223bf00cf303568c298346023858a62def6
[INFO] building csharad/papito against master#ff34b919075f35a1787659e9c448a34b06bab8de for issue-85264
[INFO] running `Command { std: "git" "clone" "/workspace/cache/git-repos/https%3A%2F%2Fgithub.com%2Fcsharad%2Fpapito" "/workspace/builds/worker-4/source", kill_on_drop: false }`
[INFO] [stderr] Cloning into '/workspace/builds/worker-4/source'...
[INFO] [stderr] done.
[INFO] validating manifest of git repo https://github.com/csharad/papito on toolchain ff34b919075f35a1787659e9c448a34b06bab8de
[INFO] running `Command { std: "/workspace/cargo-home/bin/cargo" "+ff34b919075f35a1787659e9c448a34b06bab8de" "metadata" "--manifest-path" "Cargo.toml" "--no-deps", kill_on_drop: false }`
[INFO] started tweaking git repo https://github.com/csharad/papito
[INFO] finished tweaking git repo https://github.com/csharad/papito
[INFO] tweaked toml for git repo https://github.com/csharad/papito written to /workspace/builds/worker-4/source/Cargo.toml
[INFO] crate git repo https://github.com/csharad/papito already has a lockfile, it will not be regenerated
[INFO] running `Command { std: "/workspace/cargo-home/bin/cargo" "+ff34b919075f35a1787659e9c448a34b06bab8de" "fetch" "--manifest-path" "Cargo.toml", kill_on_drop: false }`
[INFO] [stderr]     Blocking waiting for file lock on package cache
[INFO] [stderr]     Updating crates.io index
[INFO] [stderr]     Blocking waiting for file lock on package cache
[INFO] running `Command { std: "docker" "create" "-v" "/var/lib/crater-agent-workspace/builds/worker-4/target:/opt/rustwide/target:rw,Z" "-v" "/var/lib/crater-agent-workspace/builds/worker-4/source:/opt/rustwide/workdir:ro,Z" "-v" "/var/lib/crater-agent-workspace/cargo-home:/opt/rustwide/cargo-home:ro,Z" "-v" "/var/lib/crater-agent-workspace/rustup-home:/opt/rustwide/rustup-home:ro,Z" "-e" "SOURCE_DIR=/opt/rustwide/workdir" "-e" "CARGO_TARGET_DIR=/opt/rustwide/target" "-e" "CARGO_HOME=/opt/rustwide/cargo-home" "-e" "RUSTUP_HOME=/opt/rustwide/rustup-home" "-w" "/opt/rustwide/workdir" "-m" "1610612736" "--user" "0:0" "--network" "none" "ghcr.io/rust-lang/crates-build-env/linux@sha256:20528e8c29e4536546f0102ce88568b16ea7538393a33fcca951030f7af10457" "/opt/rustwide/cargo-home/bin/cargo" "+ff34b919075f35a1787659e9c448a34b06bab8de" "metadata" "--no-deps" "--format-version=1", kill_on_drop: false }`
[INFO] [stdout] 1584641cc2e7b1533f478d29206a43bea03c8a7a560e00e156c82f3d3b069cae
[INFO] [stderr] WARNING: Your kernel does not support swap limit capabilities or the cgroup is not mounted. Memory limited without swap.
[INFO] running `Command { std: "docker" "start" "-a" "1584641cc2e7b1533f478d29206a43bea03c8a7a560e00e156c82f3d3b069cae", kill_on_drop: false }`
[INFO] running `Command { std: "docker" "inspect" "1584641cc2e7b1533f478d29206a43bea03c8a7a560e00e156c82f3d3b069cae", kill_on_drop: false }`
[INFO] running `Command { std: "docker" "rm" "-f" "1584641cc2e7b1533f478d29206a43bea03c8a7a560e00e156c82f3d3b069cae", kill_on_drop: false }`
[INFO] [stdout] 1584641cc2e7b1533f478d29206a43bea03c8a7a560e00e156c82f3d3b069cae
[INFO] running `Command { std: "docker" "create" "-v" "/var/lib/crater-agent-workspace/builds/worker-4/target:/opt/rustwide/target:rw,Z" "-v" "/var/lib/crater-agent-workspace/builds/worker-4/source:/opt/rustwide/workdir:ro,Z" "-v" "/var/lib/crater-agent-workspace/cargo-home:/opt/rustwide/cargo-home:ro,Z" "-v" "/var/lib/crater-agent-workspace/rustup-home:/opt/rustwide/rustup-home:ro,Z" "-e" "SOURCE_DIR=/opt/rustwide/workdir" "-e" "CARGO_TARGET_DIR=/opt/rustwide/target" "-e" "CARGO_INCREMENTAL=0" "-e" "RUST_BACKTRACE=full" "-e" "RUSTFLAGS=--cap-lints=forbid" "-e" "CARGO_HOME=/opt/rustwide/cargo-home" "-e" "RUSTUP_HOME=/opt/rustwide/rustup-home" "-w" "/opt/rustwide/workdir" "-m" "1610612736" "--user" "0:0" "--network" "none" "ghcr.io/rust-lang/crates-build-env/linux@sha256:20528e8c29e4536546f0102ce88568b16ea7538393a33fcca951030f7af10457" "/opt/rustwide/cargo-home/bin/cargo" "+ff34b919075f35a1787659e9c448a34b06bab8de" "build" "--frozen" "--message-format=json", kill_on_drop: false }`
[INFO] [stdout] 0af792dbe92fe602ad6c287ada3dc33bf0f39cf03c7791f77c038cf812a81bf8
[INFO] [stderr] WARNING: Your kernel does not support swap limit capabilities or the cgroup is not mounted. Memory limited without swap.
[INFO] running `Command { std: "docker" "start" "-a" "0af792dbe92fe602ad6c287ada3dc33bf0f39cf03c7791f77c038cf812a81bf8", kill_on_drop: false }`
[INFO] [stderr]    Compiling serde v1.0.33
[INFO] [stderr]    Compiling num-traits v0.2.1
[INFO] [stderr]    Compiling stdweb v0.4.2
[INFO] [stderr]    Compiling indexmap v1.0.0
[INFO] [stderr]    Compiling heck v0.3.0
[INFO] [stderr]    Compiling syn v0.12.14
[INFO] [stderr]    Compiling serde_json v1.0.11
[INFO] [stderr]    Compiling serde_derive_internals v0.21.0
[INFO] [stderr]    Compiling serde_derive v1.0.33
[INFO] [stderr]    Compiling papito_codegen v0.1.1 (/opt/rustwide/workdir/papito_codegen)
[INFO] [stdout] warning: the feature `proc_macro` has been stable since 1.29.0 and no longer requires an attribute to enable
[INFO] [stdout]  --> papito_codegen/src/lib.rs:1:12
[INFO] [stdout]   |
[INFO] [stdout] 1 | #![feature(proc_macro)]
[INFO] [stdout]   |            ^^^^^^^^^^
[INFO] [stdout]   |
[INFO] [stdout]   = note: `#[warn(stable_features)]` on by default
[INFO] [stdout] 
[INFO] [stdout] 
[INFO] [stdout] warning: 1 warning emitted
[INFO] [stdout] 
[INFO] [stdout] 
[INFO] [stderr]    Compiling stdweb-derive v0.4.0
[INFO] [stderr]    Compiling papito_dom v0.1.1 (/opt/rustwide/workdir/papito_dom)
[INFO] [stdout] warning: trait objects without an explicit `dyn` are deprecated
[INFO] [stdout]   --> papito_dom/src/vcomponent.rs:20:26
[INFO] [stdout]    |
[INFO] [stdout] 20 |     instance: Option<Box<Lifecycle>>,
[INFO] [stdout]    |                          ^^^^^^^^^ help: use `dyn`: `dyn Lifecycle`
[INFO] [stdout]    |
[INFO] [stdout]    = note: `#[warn(bare_trait_objects)]` on by default
[INFO] [stdout]    = warning: this was previously accepted by the compiler but is being phased out; it will become a hard error in the 2021 edition!
[INFO] [stdout]    = note: for more information, see issue #80165 <https://github.com/rust-lang/rust/issues/80165>
[INFO] [stdout] 
[INFO] [stdout] 
[INFO] [stdout] warning: trait objects without an explicit `dyn` are deprecated
[INFO] [stdout]   --> papito_dom/src/vcomponent.rs:25:22
[INFO] [stdout]    |
[INFO] [stdout] 25 |     initializer: Box<Fn(*mut Props) -> Box<Lifecycle>>,
[INFO] [stdout]    |                      ^^^^^^^^^^^^^^^^^^^^^^^^^^^^^^^^ help: use `dyn`: `dyn Fn(*mut Props) -> Box<Lifecycle>`
[INFO] [stdout]    |
[INFO] [stdout]    = warning: this was previously accepted by the compiler but is being phased out; it will become a hard error in the 2021 edition!
[INFO] [stdout]    = note: for more information, see issue #80165 <https://github.com/rust-lang/rust/issues/80165>
[INFO] [stdout] 
[INFO] [stdout] 
[INFO] [stdout] warning: trait objects without an explicit `dyn` are deprecated
[INFO] [stdout]   --> papito_dom/src/vcomponent.rs:25:44
[INFO] [stdout]    |
[INFO] [stdout] 25 |     initializer: Box<Fn(*mut Props) -> Box<Lifecycle>>,
[INFO] [stdout]    |                                            ^^^^^^^^^ help: use `dyn`: `dyn Lifecycle`
[INFO] [stdout]    |
[INFO] [stdout]    = warning: this was previously accepted by the compiler but is being phased out; it will become a hard error in the 2021 edition!
[INFO] [stdout]    = note: for more information, see issue #80165 <https://github.com/rust-lang/rust/issues/80165>
[INFO] [stdout] 
[INFO] [stdout] 
[INFO] [stdout] warning: trait objects without an explicit `dyn` are deprecated
[INFO] [stdout]   --> papito_dom/src/traits.rs:26:49
[INFO] [stdout]    |
[INFO] [stdout] 26 |     fn create(props: Self::Props, notifier: Box<Fn()>) -> Self;
[INFO] [stdout]    |                                                 ^^^^ help: use `dyn`: `dyn Fn()`
[INFO] [stdout]    |
[INFO] [stdout]    = warning: this was previously accepted by the compiler but is being phased out; it will become a hard error in the 2021 edition!
[INFO] [stdout]    = note: for more information, see issue #80165 <https://github.com/rust-lang/rust/issues/80165>
[INFO] [stdout] 
[INFO] [stdout] 
[INFO] [stdout] warning: trait objects without an explicit `dyn` are deprecated
[INFO] [stdout]   --> papito_dom/src/traits.rs:48:26
[INFO] [stdout]    |
[INFO] [stdout] 48 |     fn as_any(&self) -> &Any;
[INFO] [stdout]    |                          ^^^ help: use `dyn`: `dyn Any`
[INFO] [stdout]    |
[INFO] [stdout]    = warning: this was previously accepted by the compiler but is being phased out; it will become a hard error in the 2021 edition!
[INFO] [stdout]    = note: for more information, see issue #80165 <https://github.com/rust-lang/rust/issues/80165>
[INFO] [stdout] 
[INFO] [stdout] 
[INFO] [stdout] warning: trait objects without an explicit `dyn` are deprecated
[INFO] [stdout]   --> papito_dom/src/traits.rs:52:26
[INFO] [stdout]    |
[INFO] [stdout] 52 |     fn as_any(&self) -> &Any {
[INFO] [stdout]    |                          ^^^ help: use `dyn`: `dyn Any`
[INFO] [stdout]    |
[INFO] [stdout]    = warning: this was previously accepted by the compiler but is being phased out; it will become a hard error in the 2021 edition!
[INFO] [stdout]    = note: for more information, see issue #80165 <https://github.com/rust-lang/rust/issues/80165>
[INFO] [stdout] 
[INFO] [stdout] 
[INFO] [stderr]    Compiling papito v0.1.1 (/opt/rustwide/workdir/papito)
[INFO] [stdout] warning: unused import: `std::ops::Deref`
[INFO] [stdout]   --> papito/src/lib.rs:12:5
[INFO] [stdout]    |
[INFO] [stdout] 12 | use std::ops::Deref;
[INFO] [stdout]    |     ^^^^^^^^^^^^^^^
[INFO] [stdout]    |
[INFO] [stdout]    = note: `#[warn(unused_imports)]` on by default
[INFO] [stdout] 
[INFO] [stdout] 
[INFO] [stdout] warning: field is never read: `vdom`
[INFO] [stdout]   --> papito/src/lib.rs:19:5
[INFO] [stdout]    |
[INFO] [stdout] 19 |     vdom: VNode,
[INFO] [stdout]    |     ^^^^^^^^^^^
[INFO] [stdout]    |
[INFO] [stdout]    = note: `#[warn(dead_code)]` on by default
[INFO] [stdout] 
[INFO] [stdout] 
[INFO] [stdout] warning: 6 warnings emitted
[INFO] [stdout] 
[INFO] [stdout] 
[INFO] [stdout] warning: 2 warnings emitted
[INFO] [stdout] 
[INFO] [stdout] 
[INFO] [stderr]     Finished dev [unoptimized + debuginfo] target(s) in 36.44s
[INFO] running `Command { std: "docker" "inspect" "0af792dbe92fe602ad6c287ada3dc33bf0f39cf03c7791f77c038cf812a81bf8", kill_on_drop: false }`
[INFO] running `Command { std: "docker" "rm" "-f" "0af792dbe92fe602ad6c287ada3dc33bf0f39cf03c7791f77c038cf812a81bf8", kill_on_drop: false }`
[INFO] [stdout] 0af792dbe92fe602ad6c287ada3dc33bf0f39cf03c7791f77c038cf812a81bf8
[INFO] running `Command { std: "docker" "create" "-v" "/var/lib/crater-agent-workspace/builds/worker-4/target:/opt/rustwide/target:rw,Z" "-v" "/var/lib/crater-agent-workspace/builds/worker-4/source:/opt/rustwide/workdir:ro,Z" "-v" "/var/lib/crater-agent-workspace/cargo-home:/opt/rustwide/cargo-home:ro,Z" "-v" "/var/lib/crater-agent-workspace/rustup-home:/opt/rustwide/rustup-home:ro,Z" "-e" "SOURCE_DIR=/opt/rustwide/workdir" "-e" "CARGO_TARGET_DIR=/opt/rustwide/target" "-e" "CARGO_INCREMENTAL=0" "-e" "RUST_BACKTRACE=full" "-e" "RUSTFLAGS=--cap-lints=forbid" "-e" "CARGO_HOME=/opt/rustwide/cargo-home" "-e" "RUSTUP_HOME=/opt/rustwide/rustup-home" "-w" "/opt/rustwide/workdir" "-m" "1610612736" "--user" "0:0" "--network" "none" "ghcr.io/rust-lang/crates-build-env/linux@sha256:20528e8c29e4536546f0102ce88568b16ea7538393a33fcca951030f7af10457" "/opt/rustwide/cargo-home/bin/cargo" "+ff34b919075f35a1787659e9c448a34b06bab8de" "test" "--frozen" "--no-run" "--message-format=json", kill_on_drop: false }`
[INFO] [stderr] WARNING: Your kernel does not support swap limit capabilities or the cgroup is not mounted. Memory limited without swap.
[INFO] [stdout] 1dac5321cfab527feb2c60068fdc08c1725116ba6fb1b62e2eaef0c1f23dc3ab
[INFO] running `Command { std: "docker" "start" "-a" "1dac5321cfab527feb2c60068fdc08c1725116ba6fb1b62e2eaef0c1f23dc3ab", kill_on_drop: false }`
[INFO] [stderr]    Compiling papito_dom v0.1.1
[INFO] [stderr]    Compiling papito_dom v0.1.1 (/opt/rustwide/workdir/papito_dom)
[INFO] [stderr]    Compiling papito v0.1.1 (/opt/rustwide/workdir/papito)
[INFO] [stdout] warning: the feature `proc_macro` has been stable since 1.29.0 and no longer requires an attribute to enable
[INFO] [stdout]  --> papito_codegen/src/lib.rs:1:12
[INFO] [stdout]   |
[INFO] [stdout] 1 | #![feature(proc_macro)]
[INFO] [stdout]   |            ^^^^^^^^^^
[INFO] [stdout]   |
[INFO] [stdout]   = note: `#[warn(stable_features)]` on by default
[INFO] [stdout] 
[INFO] [stdout] 
[INFO] [stdout] warning: 1 warning emitted
[INFO] [stdout] 
[INFO] [stdout] 
[INFO] [stdout] warning: trait objects without an explicit `dyn` are deprecated
[INFO] [stdout]   --> papito_dom/src/vcomponent.rs:20:26
[INFO] [stdout]    |
[INFO] [stdout] 20 |     instance: Option<Box<Lifecycle>>,
[INFO] [stdout]    |                          ^^^^^^^^^ help: use `dyn`: `dyn Lifecycle`
[INFO] [stdout]    |
[INFO] [stdout]    = note: `#[warn(bare_trait_objects)]` on by default
[INFO] [stdout]    = warning: this was previously accepted by the compiler but is being phased out; it will become a hard error in the 2021 edition!
[INFO] [stdout]    = note: for more information, see issue #80165 <https://github.com/rust-lang/rust/issues/80165>
[INFO] [stdout] 
[INFO] [stdout] 
[INFO] [stdout] warning: trait objects without an explicit `dyn` are deprecated
[INFO] [stdout]   --> papito_dom/src/vcomponent.rs:25:22
[INFO] [stdout]    |
[INFO] [stdout] 25 |     initializer: Box<Fn(*mut Props) -> Box<Lifecycle>>,
[INFO] [stdout]    |                      ^^^^^^^^^^^^^^^^^^^^^^^^^^^^^^^^ help: use `dyn`: `dyn Fn(*mut Props) -> Box<Lifecycle>`
[INFO] [stdout]    |
[INFO] [stdout]    = warning: this was previously accepted by the compiler but is being phased out; it will become a hard error in the 2021 edition!
[INFO] [stdout]    = note: for more information, see issue #80165 <https://github.com/rust-lang/rust/issues/80165>
[INFO] [stdout] 
[INFO] [stdout] 
[INFO] [stdout] warning: trait objects without an explicit `dyn` are deprecated
[INFO] [stdout]   --> papito_dom/src/vcomponent.rs:25:44
[INFO] [stdout]    |
[INFO] [stdout] 25 |     initializer: Box<Fn(*mut Props) -> Box<Lifecycle>>,
[INFO] [stdout]    |                                            ^^^^^^^^^ help: use `dyn`: `dyn Lifecycle`
[INFO] [stdout]    |
[INFO] [stdout]    = warning: this was previously accepted by the compiler but is being phased out; it will become a hard error in the 2021 edition!
[INFO] [stdout]    = note: for more information, see issue #80165 <https://github.com/rust-lang/rust/issues/80165>
[INFO] [stdout] 
[INFO] [stdout] 
[INFO] [stdout] warning: trait objects without an explicit `dyn` are deprecated
[INFO] [stdout]   --> papito_dom/src/traits.rs:26:49
[INFO] [stdout]    |
[INFO] [stdout] 26 |     fn create(props: Self::Props, notifier: Box<Fn()>) -> Self;
[INFO] [stdout]    |                                                 ^^^^ help: use `dyn`: `dyn Fn()`
[INFO] [stdout]    |
[INFO] [stdout]    = warning: this was previously accepted by the compiler but is being phased out; it will become a hard error in the 2021 edition!
[INFO] [stdout]    = note: for more information, see issue #80165 <https://github.com/rust-lang/rust/issues/80165>
[INFO] [stdout] 
[INFO] [stdout] 
[INFO] [stdout] warning: trait objects without an explicit `dyn` are deprecated
[INFO] [stdout]   --> papito_dom/src/traits.rs:48:26
[INFO] [stdout]    |
[INFO] [stdout] 48 |     fn as_any(&self) -> &Any;
[INFO] [stdout]    |                          ^^^ help: use `dyn`: `dyn Any`
[INFO] [stdout]    |
[INFO] [stdout]    = warning: this was previously accepted by the compiler but is being phased out; it will become a hard error in the 2021 edition!
[INFO] [stdout]    = note: for more information, see issue #80165 <https://github.com/rust-lang/rust/issues/80165>
[INFO] [stdout] 
[INFO] [stdout] 
[INFO] [stdout] warning: trait objects without an explicit `dyn` are deprecated
[INFO] [stdout]   --> papito_dom/src/traits.rs:52:26
[INFO] [stdout]    |
[INFO] [stdout] 52 |     fn as_any(&self) -> &Any {
[INFO] [stdout]    |                          ^^^ help: use `dyn`: `dyn Any`
[INFO] [stdout]    |
[INFO] [stdout]    = warning: this was previously accepted by the compiler but is being phased out; it will become a hard error in the 2021 edition!
[INFO] [stdout]    = note: for more information, see issue #80165 <https://github.com/rust-lang/rust/issues/80165>
[INFO] [stdout] 
[INFO] [stdout] 
[INFO] [stdout] warning: 6 warnings emitted
[INFO] [stdout] 
[INFO] [stdout] 
[INFO] [stdout] warning: unused import: `std::ops::Deref`
[INFO] [stdout]   --> papito/src/lib.rs:12:5
[INFO] [stdout]    |
[INFO] [stdout] 12 | use std::ops::Deref;
[INFO] [stdout]    |     ^^^^^^^^^^^^^^^
[INFO] [stdout]    |
[INFO] [stdout]    = note: `#[warn(unused_imports)]` on by default
[INFO] [stdout] 
[INFO] [stdout] 
[INFO] [stdout] warning: field is never read: `vdom`
[INFO] [stdout]   --> papito/src/lib.rs:19:5
[INFO] [stdout]    |
[INFO] [stdout] 19 |     vdom: VNode,
[INFO] [stdout]    |     ^^^^^^^^^^^
[INFO] [stdout]    |
[INFO] [stdout]    = note: `#[warn(dead_code)]` on by default
[INFO] [stdout] 
[INFO] [stdout] 
[INFO] [stdout] warning: 2 warnings emitted
[INFO] [stdout] 
[INFO] [stdout] 
[INFO] [stdout] warning: unused import: `std::ops::Deref`
[INFO] [stdout]   --> papito/src/lib.rs:12:5
[INFO] [stdout]    |
[INFO] [stdout] 12 | use std::ops::Deref;
[INFO] [stdout]    |     ^^^^^^^^^^^^^^^
[INFO] [stdout]    |
[INFO] [stdout]    = note: `#[warn(unused_imports)]` on by default
[INFO] [stdout] 
[INFO] [stdout] 
[INFO] [stdout] warning: field is never read: `vdom`
[INFO] [stdout]   --> papito/src/lib.rs:19:5
[INFO] [stdout]    |
[INFO] [stdout] 19 |     vdom: VNode,
[INFO] [stdout]    |     ^^^^^^^^^^^
[INFO] [stdout]    |
[INFO] [stdout]    = note: `#[warn(dead_code)]` on by default
[INFO] [stdout] 
[INFO] [stdout] 
[INFO] [stdout] error[E0407]: method `props` is not a member of trait `Component`
[INFO] [stdout]    --> papito_dom/src/lib.rs:397:13
[INFO] [stdout]     |
[INFO] [stdout] 397 | /             fn props(&self) -> &Self::Props {
[INFO] [stdout] 398 | |                 &()
[INFO] [stdout] 399 | |             }
[INFO] [stdout]     | |_____________^ not a member of trait `Component`
[INFO] [stdout] 
[INFO] [stdout] 
[INFO] [stdout] error[E0407]: method `props` is not a member of trait `Component`
[INFO] [stdout]    --> papito_dom/src/lib.rs:507:13
[INFO] [stdout]     |
[INFO] [stdout] 507 | /             fn props(&self) -> &Self::Props {
[INFO] [stdout] 508 | |                 &()
[INFO] [stdout] 509 | |             }
[INFO] [stdout]     | |_____________^ not a member of trait `Component`
[INFO] [stdout] 
[INFO] [stdout] 
[INFO] [stdout] error[E0407]: method `props` is not a member of trait `Component`
[INFO] [stdout]    --> papito_dom/src/lib.rs:551:13
[INFO] [stdout]     |
[INFO] [stdout] 551 | /             fn props(&self) -> &Self::Props {
[INFO] [stdout] 552 | |                 &()
[INFO] [stdout] 553 | |             }
[INFO] [stdout]     | |_____________^ not a member of trait `Component`
[INFO] [stdout] 
[INFO] [stdout] 
[INFO] [stdout] error[E0407]: method `props` is not a member of trait `Component`
[INFO] [stdout]    --> papito_dom/src/lib.rs:588:13
[INFO] [stdout]     |
[INFO] [stdout] 588 | /             fn props(&self) -> &Self::Props {
[INFO] [stdout] 589 | |                 &()
[INFO] [stdout] 590 | |             }
[INFO] [stdout]     | |_____________^ not a member of trait `Component`
[INFO] [stdout] 
[INFO] [stdout] 
[INFO] [stdout] error[E0405]: cannot find trait `ComponentOf` in this scope
[INFO] [stdout]    --> papito_dom/src/lib.rs:380:14
[INFO] [stdout]     |
[INFO] [stdout] 380 |         impl ComponentOf for Button {
[INFO] [stdout]     |              ^^^^^^^^^^^ help: a trait with a similar name exists: `Component`
[INFO] [stdout]     | 
[INFO] [stdout]    ::: papito_dom/src/traits.rs:23:1
[INFO] [stdout]     |
[INFO] [stdout] 23  | pub trait Component: Lifecycle {
[INFO] [stdout]     | ------------------------------ similarly named trait `Component` defined here
[INFO] [stdout] 
[INFO] [stdout] 
[INFO] [stdout] error[E0405]: cannot find trait `ComponentOf` in this scope
[INFO] [stdout]    --> papito_dom/src/lib.rs:490:14
[INFO] [stdout]     |
[INFO] [stdout] 490 |         impl ComponentOf for Button {
[INFO] [stdout]     |              ^^^^^^^^^^^ help: a trait with a similar name exists: `Component`
[INFO] [stdout]     | 
[INFO] [stdout]    ::: papito_dom/src/traits.rs:23:1
[INFO] [stdout]     |
[INFO] [stdout] 23  | pub trait Component: Lifecycle {
[INFO] [stdout]     | ------------------------------ similarly named trait `Component` defined here
[INFO] [stdout] 
[INFO] [stdout] 
[INFO] [stdout] error[E0405]: cannot find trait `ComponentOf` in this scope
[INFO] [stdout]    --> papito_dom/src/lib.rs:534:14
[INFO] [stdout]     |
[INFO] [stdout] 534 |         impl ComponentOf for Button {
[INFO] [stdout]     |              ^^^^^^^^^^^ help: a trait with a similar name exists: `Component`
[INFO] [stdout]     | 
[INFO] [stdout]    ::: papito_dom/src/traits.rs:23:1
[INFO] [stdout]     |
[INFO] [stdout] 23  | pub trait Component: Lifecycle {
[INFO] [stdout]     | ------------------------------ similarly named trait `Component` defined here
[INFO] [stdout] 
[INFO] [stdout] 
[INFO] [stdout] error[E0405]: cannot find trait `ComponentOf` in this scope
[INFO] [stdout]    --> papito_dom/src/lib.rs:571:14
[INFO] [stdout]     |
[INFO] [stdout] 571 |         impl ComponentOf for Div {
[INFO] [stdout]     |              ^^^^^^^^^^^ help: a trait with a similar name exists: `Component`
[INFO] [stdout]     | 
[INFO] [stdout]    ::: papito_dom/src/traits.rs:23:1
[INFO] [stdout]     |
[INFO] [stdout] 23  | pub trait Component: Lifecycle {
[INFO] [stdout]     | ------------------------------ similarly named trait `Component` defined here
[INFO] [stdout] 
[INFO] [stdout] 
[INFO] [stdout] warning: trait objects without an explicit `dyn` are deprecated
[INFO] [stdout]   --> papito_dom/src/vcomponent.rs:20:26
[INFO] [stdout]    |
[INFO] [stdout] 20 |     instance: Option<Box<Lifecycle>>,
[INFO] [stdout]    |                          ^^^^^^^^^ help: use `dyn`: `dyn Lifecycle`
[INFO] [stdout]    |
[INFO] [stdout]    = note: `#[warn(bare_trait_objects)]` on by default
[INFO] [stdout]    = warning: this was previously accepted by the compiler but is being phased out; it will become a hard error in the 2021 edition!
[INFO] [stdout]    = note: for more information, see issue #80165 <https://github.com/rust-lang/rust/issues/80165>
[INFO] [stdout] 
[INFO] [stdout] 
[INFO] [stdout] warning: trait objects without an explicit `dyn` are deprecated
[INFO] [stdout]   --> papito_dom/src/vcomponent.rs:25:22
[INFO] [stdout]    |
[INFO] [stdout] 25 |     initializer: Box<Fn(*mut Props) -> Box<Lifecycle>>,
[INFO] [stdout]    |                      ^^^^^^^^^^^^^^^^^^^^^^^^^^^^^^^^ help: use `dyn`: `dyn Fn(*mut Props) -> Box<Lifecycle>`
[INFO] [stdout]    |
[INFO] [stdout]    = warning: this was previously accepted by the compiler but is being phased out; it will become a hard error in the 2021 edition!
[INFO] [stdout]    = note: for more information, see issue #80165 <https://github.com/rust-lang/rust/issues/80165>
[INFO] [stdout] 
[INFO] [stdout] 
[INFO] [stdout] warning: trait objects without an explicit `dyn` are deprecated
[INFO] [stdout]   --> papito_dom/src/vcomponent.rs:25:44
[INFO] [stdout]    |
[INFO] [stdout] 25 |     initializer: Box<Fn(*mut Props) -> Box<Lifecycle>>,
[INFO] [stdout]    |                                            ^^^^^^^^^ help: use `dyn`: `dyn Lifecycle`
[INFO] [stdout]    |
[INFO] [stdout]    = warning: this was previously accepted by the compiler but is being phased out; it will become a hard error in the 2021 edition!
[INFO] [stdout]    = note: for more information, see issue #80165 <https://github.com/rust-lang/rust/issues/80165>
[INFO] [stdout] 
[INFO] [stdout] 
[INFO] [stdout] warning: trait objects without an explicit `dyn` are deprecated
[INFO] [stdout]   --> papito_dom/src/traits.rs:26:49
[INFO] [stdout]    |
[INFO] [stdout] 26 |     fn create(props: Self::Props, notifier: Box<Fn()>) -> Self;
[INFO] [stdout]    |                                                 ^^^^ help: use `dyn`: `dyn Fn()`
[INFO] [stdout]    |
[INFO] [stdout]    = warning: this was previously accepted by the compiler but is being phased out; it will become a hard error in the 2021 edition!
[INFO] [stdout]    = note: for more information, see issue #80165 <https://github.com/rust-lang/rust/issues/80165>
[INFO] [stdout] 
[INFO] [stdout] 
[INFO] [stdout] warning: trait objects without an explicit `dyn` are deprecated
[INFO] [stdout]   --> papito_dom/src/traits.rs:48:26
[INFO] [stdout]    |
[INFO] [stdout] 48 |     fn as_any(&self) -> &Any;
[INFO] [stdout]    |                          ^^^ help: use `dyn`: `dyn Any`
[INFO] [stdout]    |
[INFO] [stdout]    = warning: this was previously accepted by the compiler but is being phased out; it will become a hard error in the 2021 edition!
[INFO] [stdout]    = note: for more information, see issue #80165 <https://github.com/rust-lang/rust/issues/80165>
[INFO] [stdout] 
[INFO] [stdout] 
[INFO] [stdout] warning: trait objects without an explicit `dyn` are deprecated
[INFO] [stdout]   --> papito_dom/src/traits.rs:52:26
[INFO] [stdout]    |
[INFO] [stdout] 52 |     fn as_any(&self) -> &Any {
[INFO] [stdout]    |                          ^^^ help: use `dyn`: `dyn Any`
[INFO] [stdout]    |
[INFO] [stdout]    = warning: this was previously accepted by the compiler but is being phased out; it will become a hard error in the 2021 edition!
[INFO] [stdout]    = note: for more information, see issue #80165 <https://github.com/rust-lang/rust/issues/80165>
[INFO] [stdout] 
[INFO] [stdout] 
[INFO] [stdout] warning: trait objects without an explicit `dyn` are deprecated
[INFO] [stdout]    --> papito_dom/src/lib.rs:391:37
[INFO] [stdout]     |
[INFO] [stdout] 391 |             fn create(_: (), _: Box<Fn()>) -> Self {
[INFO] [stdout]     |                                     ^^^^ help: use `dyn`: `dyn Fn()`
[INFO] [stdout]     |
[INFO] [stdout]     = warning: this was previously accepted by the compiler but is being phased out; it will become a hard error in the 2021 edition!
[INFO] [stdout]     = note: for more information, see issue #80165 <https://github.com/rust-lang/rust/issues/80165>
[INFO] [stdout] 
[INFO] [stdout] 
[INFO] [stdout] warning: trait objects without an explicit `dyn` are deprecated
[INFO] [stdout]    --> papito_dom/src/lib.rs:501:37
[INFO] [stdout]     |
[INFO] [stdout] 501 |             fn create(_: (), _: Box<Fn()>) -> Self {
[INFO] [stdout]     |                                     ^^^^ help: use `dyn`: `dyn Fn()`
[INFO] [stdout]     |
[INFO] [stdout]     = warning: this was previously accepted by the compiler but is being phased out; it will become a hard error in the 2021 edition!
[INFO] [stdout]     = note: for more information, see issue #80165 <https://github.com/rust-lang/rust/issues/80165>
[INFO] [stdout] 
[INFO] [stdout] 
[INFO] [stdout] warning: trait objects without an explicit `dyn` are deprecated
[INFO] [stdout]    --> papito_dom/src/lib.rs:545:37
[INFO] [stdout]     |
[INFO] [stdout] 545 |             fn create(_: (), _: Box<Fn()>) -> Self {
[INFO] [stdout]     |                                     ^^^^ help: use `dyn`: `dyn Fn()`
[INFO] [stdout]     |
[INFO] [stdout]     = warning: this was previously accepted by the compiler but is being phased out; it will become a hard error in the 2021 edition!
[INFO] [stdout]     = note: for more information, see issue #80165 <https://github.com/rust-lang/rust/issues/80165>
[INFO] [stdout] 
[INFO] [stdout] 
[INFO] [stdout] warning: trait objects without an explicit `dyn` are deprecated
[INFO] [stdout]    --> papito_dom/src/lib.rs:582:36
[INFO] [stdout]     |
[INFO] [stdout] 582 |             fn create(_:(), _: Box<Fn()>) -> Self {
[INFO] [stdout]     |                                    ^^^^ help: use `dyn`: `dyn Fn()`
[INFO] [stdout]     |
[INFO] [stdout]     = warning: this was previously accepted by the compiler but is being phased out; it will become a hard error in the 2021 edition!
[INFO] [stdout]     = note: for more information, see issue #80165 <https://github.com/rust-lang/rust/issues/80165>
[INFO] [stdout] 
[INFO] [stdout] 
[INFO] [stdout] error: aborting due to 8 previous errors; 10 warnings emitted
[INFO] [stdout] 
[INFO] [stdout] 
[INFO] [stdout] Some errors have detailed explanations: E0405, E0407.
[INFO] [stdout] 
[INFO] [stdout] For more information about an error, try `rustc --explain E0405`.
[INFO] [stdout] 
[INFO] [stderr] error: could not compile `papito_dom`
[INFO] [stderr] 
[INFO] [stderr] To learn more, run the command again with --verbose.
[INFO] [stderr] warning: build failed, waiting for other jobs to finish...
[INFO] [stdout] warning: 2 warnings emitted
[INFO] [stdout] 
[INFO] [stdout] 
[INFO] [stderr] error: build failed
[INFO] running `Command { std: "docker" "inspect" "1dac5321cfab527feb2c60068fdc08c1725116ba6fb1b62e2eaef0c1f23dc3ab", kill_on_drop: false }`
[INFO] running `Command { std: "docker" "rm" "-f" "1dac5321cfab527feb2c60068fdc08c1725116ba6fb1b62e2eaef0c1f23dc3ab", kill_on_drop: false }`
[INFO] [stdout] 1dac5321cfab527feb2c60068fdc08c1725116ba6fb1b62e2eaef0c1f23dc3ab
